Last updated on 2025-11-18 20:49:53 CET.
| Flavor | Version | Tinstall | Tcheck | Ttotal | Status | Flags |
|---|---|---|---|---|---|---|
| r-devel-linux-x86_64-debian-clang | 0.0.1 | 1.61 | 19.26 | 20.87 | OK | |
| r-devel-linux-x86_64-debian-gcc | 0.0.1 | 1.31 | 16.44 | 17.75 | OK | |
| r-devel-linux-x86_64-fedora-clang | 0.0.1 | 29.78 | OK | |||
| r-devel-linux-x86_64-fedora-gcc | 0.0.1 | 27.55 | OK | |||
| r-devel-windows-x86_64 | 0.0.1 | 4.00 | 33.00 | 37.00 | OK | |
| r-patched-linux-x86_64 | 0.0.1 | 1.83 | 17.34 | 19.17 | OK | |
| r-release-linux-x86_64 | 0.0.1 | 1.44 | 17.36 | 18.80 | OK | |
| r-release-macos-arm64 | 0.0.1 | 1.00 | 13.00 | 14.00 | OK | |
| r-release-macos-x86_64 | 0.0.1 | 2.00 | 20.00 | 22.00 | OK | |
| r-release-windows-x86_64 | 0.0.1 | 3.00 | 32.00 | 35.00 | OK | |
| r-oldrel-macos-arm64 | 0.0.1 | 1.00 | 13.00 | 14.00 | NOTE | |
| r-oldrel-macos-x86_64 | 0.0.1 | 1.00 | 18.00 | 19.00 | NOTE | |
| r-oldrel-windows-x86_64 | 0.0.1 | 3.00 | 34.00 | 37.00 | NOTE |
Version: 0.0.1
Check: LazyData
Result: NOTE
'LazyData' is specified without a 'data' directory
Flavors: r-oldrel-macos-arm64, r-oldrel-macos-x86_64, r-oldrel-windows-x86_64