Last updated on 2025-04-29 13:51:45 CEST.
Flavor | Version | Tinstall | Tcheck | Ttotal | Status | Flags |
---|---|---|---|---|---|---|
r-devel-linux-x86_64-debian-clang | 1.1 | 4.71 | 30.07 | 34.78 | NOTE | |
r-devel-linux-x86_64-debian-gcc | 1.1 | 3.25 | 22.16 | 25.41 | NOTE | |
r-devel-linux-x86_64-fedora-clang | 1.1 | 55.26 | OK | |||
r-devel-linux-x86_64-fedora-gcc | 1.1 | 52.60 | OK | |||
r-devel-windows-x86_64 | 1.1 | 6.00 | 49.00 | 55.00 | OK | |
r-patched-linux-x86_64 | 1.1 | 4.53 | 29.05 | 33.58 | OK | |
r-release-linux-x86_64 | 1.1 | 5.14 | 29.21 | 34.35 | OK | |
r-release-macos-arm64 | 1.1 | 20.00 | OK | |||
r-release-macos-x86_64 | 1.1 | 35.00 | OK | |||
r-release-windows-x86_64 | 1.1 | 7.00 | 51.00 | 58.00 | OK | |
r-oldrel-macos-arm64 | 1.1 | 21.00 | OK | |||
r-oldrel-macos-x86_64 | 1.1 | 31.00 | OK | |||
r-oldrel-windows-x86_64 | 1.1 | 6.00 | 48.00 | 54.00 | OK |
Version: 1.1
Check: CRAN incoming feasibility
Result: NOTE
Maintainer: ‘Bradley Shanrock-Solberg <greblosb@gmail.com>’
No Authors@R field in DESCRIPTION.
Please add one, modifying
Authors@R: person(given = "Bradley",
family = "Shanrock-Solberg",
role = c("aut", "cre"),
email = "greblosb@gmail.com")
as necessary.
Flavors: r-devel-linux-x86_64-debian-clang, r-devel-linux-x86_64-debian-gcc