Last updated on 2025-11-16 00:48:50 CET.
| Flavor | Version | Tinstall | Tcheck | Ttotal | Status | Flags |
|---|---|---|---|---|---|---|
| r-devel-linux-x86_64-debian-clang | 2.4.2 | 9.06 | 92.75 | 101.81 | NOTE | |
| r-devel-linux-x86_64-debian-gcc | 2.4.2 | 6.13 | 65.21 | 71.34 | NOTE | |
| r-devel-linux-x86_64-fedora-clang | 2.4.2 | 56.00 | 113.90 | 169.90 | OK | |
| r-devel-linux-x86_64-fedora-gcc | 2.4.2 | 50.00 | 128.40 | 178.40 | OK | |
| r-devel-windows-x86_64 | 2.4.2 | 17.00 | 101.00 | 118.00 | NOTE | |
| r-patched-linux-x86_64 | 2.4.2 | 10.70 | 87.31 | 98.01 | OK | |
| r-release-linux-x86_64 | 2.4.2 | 0.32 | 2.09 | 2.41 | ERROR | |
| r-release-macos-arm64 | 2.4.2 | 4.00 | 47.00 | 51.00 | OK | |
| r-release-macos-x86_64 | 2.4.2 | 7.00 | 81.00 | 88.00 | OK | |
| r-release-windows-x86_64 | 2.4.2 | 14.00 | 101.00 | 115.00 | OK | |
| r-oldrel-macos-arm64 | 2.4.2 | 4.00 | 43.00 | 47.00 | OK | |
| r-oldrel-macos-x86_64 | 2.4.2 | 6.00 | 65.00 | 71.00 | OK | |
| r-oldrel-windows-x86_64 | 2.4.2 | 17.00 | 118.00 | 135.00 | OK |
Version: 2.4.2
Check: Rd files
Result: NOTE
checkRd: (-1) Clarion.Rd:16-22: Only 3 columns allowed in this table (row 1 has 2)
checkRd: (-1) Clarion.Rd:16-22: Only 3 columns allowed in this table (row 2 has 2)
checkRd: (-1) Clarion.Rd:16-22: Only 3 columns allowed in this table (row 3 has 2)
checkRd: (-1) Clarion.Rd:16-22: Only 3 columns allowed in this table (row 4 has 2)
checkRd: (-1) Clarion.Rd:16-22: Only 3 columns allowed in this table (row 5 has 2)
Flavors: r-devel-linux-x86_64-debian-clang, r-devel-windows-x86_64
Version: 2.4.2
Check: CRAN incoming feasibility
Result: NOTE
Maintainer: ‘Hendrik Schultheis <hendrik.schultheis@mpi-bn.mpg.de>’
The BugReports field in DESCRIPTION has
https://github.com/loosolab/wilson/issues/
which should likely be
https://github.com/loosolab/wilson/issues/issues
instead.
Flavor: r-devel-linux-x86_64-debian-gcc
Version: 2.4.2
Check: package dependencies
Result: ERROR
Package required but not available: ‘DESeq2’
See section ‘The DESCRIPTION file’ in the ‘Writing R Extensions’
manual.
Flavor: r-release-linux-x86_64