CRAN Package Check Results for Package womblR

Last updated on 2025-10-01 21:50:34 CEST.

Flavor Version Tinstall Tcheck Ttotal Status Flags
r-devel-linux-x86_64-debian-clang 1.0.6 163.33 219.22 382.55 OK
r-devel-linux-x86_64-debian-gcc 1.0.6 100.92 131.88 232.80 OK
r-devel-linux-x86_64-fedora-clang 1.0.6 666.83 OK
r-devel-linux-x86_64-fedora-gcc 1.0.6 669.16 OK
r-devel-windows-x86_64 1.0.6 158.00 191.00 349.00 OK
r-patched-linux-x86_64 1.0.5 159.77 197.99 357.76 WARN
r-release-linux-x86_64 1.0.5 155.45 198.22 353.67 WARN
r-release-macos-arm64 1.0.5 196.00 OK
r-release-macos-x86_64 1.0.6 507.00 OK
r-release-windows-x86_64 1.0.6 187.00 200.00 387.00 OK
r-oldrel-macos-arm64 1.0.5 181.00 NOTE
r-oldrel-macos-x86_64 1.0.6 516.00 NOTE
r-oldrel-windows-x86_64 1.0.6 149.00 224.00 373.00 OK

Check Details

Version: 1.0.5
Check: whether package can be installed
Result: WARN Found the following significant warnings: MCMC_Samplers.cpp:304:30: warning: ‘bool arma::is_finite(eT, const typename arma_scalar_only<eT>::result*) [with eT = double; typename arma_scalar_only<eT>::result = double]’ is deprecated: change arma::is_finite(val) to std::isfinite(val) [-Wdeprecated-declarations] MCMC_Samplers.cpp:434:30: warning: ‘bool arma::is_finite(eT, const typename arma_scalar_only<eT>::result*) [with eT = double; typename arma_scalar_only<eT>::result = double]’ is deprecated: change arma::is_finite(val) to std::isfinite(val) [-Wdeprecated-declarations] MCMC_Samplers.cpp:543:25: warning: ‘bool arma::is_finite(eT, const typename arma_scalar_only<eT>::result*) [with eT = double; typename arma_scalar_only<eT>::result = double]’ is deprecated: change arma::is_finite(val) to std::isfinite(val) [-Wdeprecated-declarations] MCMC_Samplers.cpp:571:25: warning: ‘bool arma::is_finite(eT, const typename arma_scalar_only<eT>::result*) [with eT = double; typename arma_scalar_only<eT>::result = double]’ is deprecated: change arma::is_finite(val) to std::isfinite(val) [-Wdeprecated-declarations] MCMC_Samplers.cpp:623:25: warning: ‘bool arma::is_finite(eT, const typename arma_scalar_only<eT>::result*) [with eT = double; typename arma_scalar_only<eT>::result = double]’ is deprecated: change arma::is_finite(val) to std::isfinite(val) [-Wdeprecated-declarations] See ‘/home/hornik/tmp/R.check/r-patched-gcc/Work/PKGS/womblR.Rcheck/00install.out’ for details. * used C++ compiler: ‘g++-14 (Debian 14.3.0-8) 14.3.0’ Flavor: r-patched-linux-x86_64

Version: 1.0.5
Check: whether package can be installed
Result: WARN Found the following significant warnings: MCMC_Samplers.cpp:304:30: warning: ‘bool arma::is_finite(eT, const typename arma_scalar_only<eT>::result*) [with eT = double; typename arma_scalar_only<eT>::result = double]’ is deprecated: change arma::is_finite(val) to std::isfinite(val) [-Wdeprecated-declarations] MCMC_Samplers.cpp:434:30: warning: ‘bool arma::is_finite(eT, const typename arma_scalar_only<eT>::result*) [with eT = double; typename arma_scalar_only<eT>::result = double]’ is deprecated: change arma::is_finite(val) to std::isfinite(val) [-Wdeprecated-declarations] MCMC_Samplers.cpp:543:25: warning: ‘bool arma::is_finite(eT, const typename arma_scalar_only<eT>::result*) [with eT = double; typename arma_scalar_only<eT>::result = double]’ is deprecated: change arma::is_finite(val) to std::isfinite(val) [-Wdeprecated-declarations] MCMC_Samplers.cpp:571:25: warning: ‘bool arma::is_finite(eT, const typename arma_scalar_only<eT>::result*) [with eT = double; typename arma_scalar_only<eT>::result = double]’ is deprecated: change arma::is_finite(val) to std::isfinite(val) [-Wdeprecated-declarations] MCMC_Samplers.cpp:623:25: warning: ‘bool arma::is_finite(eT, const typename arma_scalar_only<eT>::result*) [with eT = double; typename arma_scalar_only<eT>::result = double]’ is deprecated: change arma::is_finite(val) to std::isfinite(val) [-Wdeprecated-declarations] See ‘/home/hornik/tmp/R.check/r-release-gcc/Work/PKGS/womblR.Rcheck/00install.out’ for details. * used C++ compiler: ‘g++-14 (Debian 14.3.0-8) 14.3.0’ Flavor: r-release-linux-x86_64

Version: 1.0.5
Check: installed package size
Result: NOTE installed size is 8.7Mb sub-directories of 1Mb or more: libs 7.9Mb Flavor: r-oldrel-macos-arm64

Version: 1.0.6
Check: installed package size
Result: NOTE installed size is 9.1Mb sub-directories of 1Mb or more: libs 8.3Mb Flavor: r-oldrel-macos-x86_64