Last updated on 2024-07-13 05:49:30 CEST.
Flavor | Version | Tinstall | Tcheck | Ttotal | Status | Flags |
---|---|---|---|---|---|---|
r-devel-linux-x86_64-debian-clang | 0.2.0 | 2.21 | 45.98 | 48.19 | OK | |
r-devel-linux-x86_64-debian-gcc | 0.2.0 | 1.72 | 33.23 | 34.95 | OK | |
r-devel-linux-x86_64-fedora-clang | 0.2.0 | 59.10 | NOTE | |||
r-devel-linux-x86_64-fedora-gcc | 0.2.0 | 54.33 | NOTE | |||
r-devel-windows-x86_64 | 0.2.0 | 3.00 | 54.00 | 57.00 | OK | |
r-patched-linux-x86_64 | 0.2.0 | 2.05 | 41.10 | 43.15 | OK | |
r-release-linux-x86_64 | 0.2.0 | 1.85 | 42.06 | 43.91 | OK | |
r-release-macos-arm64 | 0.2.0 | 23.00 | OK | |||
r-release-macos-x86_64 | 0.2.0 | 33.00 | OK | |||
r-release-windows-x86_64 | 0.2.0 | 3.00 | 56.00 | 59.00 | OK | |
r-oldrel-macos-arm64 | 0.2.0 | 24.00 | OK | |||
r-oldrel-macos-x86_64 | 0.2.0 | 34.00 | OK | |||
r-oldrel-windows-x86_64 | 0.2.0 | 4.00 | 60.00 | 64.00 | OK |
Version: 0.2.0
Check: data for non-ASCII characters
Result: NOTE
Note: found 3 marked UTF-8 strings
Flavors: r-devel-linux-x86_64-fedora-clang, r-devel-linux-x86_64-fedora-gcc