CRAN Package Check Results for Package wpp2008

Last updated on 2025-04-29 13:51:45 CEST.

Flavor Version Tinstall Tcheck Ttotal Status Flags
r-devel-linux-x86_64-debian-clang 1.0-1 1.61 19.48 21.09 NOTE
r-devel-linux-x86_64-debian-gcc 1.0-1 1.29 16.06 17.35 NOTE
r-devel-linux-x86_64-fedora-clang 1.0-1 30.79 NOTE
r-devel-linux-x86_64-fedora-gcc 1.0-1 30.94 NOTE
r-devel-windows-x86_64 1.0-1 2.00 47.00 49.00 NOTE
r-patched-linux-x86_64 1.0-1 1.80 18.69 20.49 NOTE
r-release-linux-x86_64 1.0-1 1.39 18.54 19.93 NOTE
r-release-macos-arm64 1.0-1 17.00 NOTE
r-release-macos-x86_64 1.0-1 26.00 NOTE
r-release-windows-x86_64 1.0-1 4.00 48.00 52.00 NOTE
r-oldrel-macos-arm64 1.0-1 15.00 NOTE
r-oldrel-macos-x86_64 1.0-1 23.00 NOTE
r-oldrel-windows-x86_64 1.0-1 3.00 43.00 46.00 NOTE

Check Details

Version: 1.0-1
Check: CRAN incoming feasibility
Result: NOTE Maintainer: ‘Hana Sevcikova <hanas@uw.edu>’ No Authors@R field in DESCRIPTION. Please add one, modifying Authors@R: c(person(given = "Hana", family = "Sevcikova", role = c("aut", "cre"), email = "hanas@uw.edu"), person(given = "Patrick", family = "Gerland", role = "aut", email = "gerland@un.org")) as necessary. Flavors: r-devel-linux-x86_64-debian-clang, r-devel-linux-x86_64-debian-gcc

Version: 1.0-1
Check: DESCRIPTION meta-information
Result: NOTE Malformed Description field: should contain one or more complete sentences. Flavors: r-devel-linux-x86_64-debian-clang, r-devel-linux-x86_64-debian-gcc, r-devel-linux-x86_64-fedora-clang, r-devel-linux-x86_64-fedora-gcc, r-devel-windows-x86_64, r-patched-linux-x86_64, r-release-linux-x86_64, r-release-macos-arm64, r-release-macos-x86_64, r-release-windows-x86_64, r-oldrel-macos-arm64, r-oldrel-macos-x86_64, r-oldrel-windows-x86_64