Last updated on 2025-04-29 13:51:45 CEST.
Flavor | Version | Tinstall | Tcheck | Ttotal | Status | Flags |
---|---|---|---|---|---|---|
r-devel-linux-x86_64-debian-clang | 0.6.4 | 4.61 | 36.38 | 40.99 | NOTE | |
r-devel-linux-x86_64-debian-gcc | 0.6.4 | 3.01 | 26.94 | 29.95 | NOTE | |
r-devel-linux-x86_64-fedora-clang | 0.6.4 | 61.81 | OK | |||
r-devel-linux-x86_64-fedora-gcc | 0.6.4 | 60.33 | OK | |||
r-devel-windows-x86_64 | 0.6.4 | 5.00 | 57.00 | 62.00 | OK | |
r-patched-linux-x86_64 | 0.6.4 | 4.63 | 34.45 | 39.08 | OK | |
r-release-linux-x86_64 | 0.6.4 | 3.56 | 34.21 | 37.77 | OK | |
r-release-macos-arm64 | 0.6.4 | 23.00 | OK | |||
r-release-macos-x86_64 | 0.6.4 | 38.00 | OK | |||
r-release-windows-x86_64 | 0.6.4 | 7.00 | 67.00 | 74.00 | OK | |
r-oldrel-macos-arm64 | 0.6.4 | 20.00 | OK | |||
r-oldrel-macos-x86_64 | 0.6.4 | 37.00 | OK | |||
r-oldrel-windows-x86_64 | 0.6.4 | 7.00 | 64.00 | 71.00 | OK |
Version: 0.6.4
Check: CRAN incoming feasibility
Result: NOTE
Maintainer: ‘Tim Bergsma <bergsmat@gmail.com>’
No Authors@R field in DESCRIPTION.
Please add one, modifying
Authors@R: person(given = "Tim",
family = "Bergsma",
role = c("aut", "cre"),
email = "bergsmat@gmail.com")
as necessary.
Flavors: r-devel-linux-x86_64-debian-clang, r-devel-linux-x86_64-debian-gcc