Last updated on 2024-06-27 16:49:18 CEST.
Flavor | Version | Tinstall | Tcheck | Ttotal | Status | Flags |
---|---|---|---|---|---|---|
r-devel-linux-x86_64-debian-clang | 1.1.19 | NOTE | ||||
r-devel-linux-x86_64-debian-gcc | 1.1.19 | 6.93 | 108.92 | 115.85 | NOTE | |
r-devel-linux-x86_64-fedora-clang | 1.1.19 | 201.37 | NOTE | |||
r-devel-linux-x86_64-fedora-gcc | 1.1.19 | 192.15 | NOTE | |||
r-devel-windows-x86_64 | 1.1.19 | 9.00 | 142.00 | 151.00 | NOTE | |
r-patched-linux-x86_64 | 1.1.19 | 6.78 | 139.01 | 145.79 | NOTE | |
r-release-linux-x86_64 | 1.1.19 | 6.20 | 139.04 | 145.24 | NOTE | |
r-release-macos-arm64 | 1.1.19 | 67.00 | NOTE | |||
r-release-macos-x86_64 | 1.1.19 | 103.00 | NOTE | |||
r-release-windows-x86_64 | 1.1.19 | 10.00 | 148.00 | 158.00 | NOTE | |
r-oldrel-macos-arm64 | 1.1.19 | 68.00 | OK | |||
r-oldrel-macos-x86_64 | 1.1.19 | 100.00 | OK | |||
r-oldrel-windows-x86_64 | 1.1.19 | 12.00 | 175.00 | 187.00 | OK |
Version: 1.1.19
Check: Rd files
Result: NOTE
checkRd: (-1) completeManualPage.Rd:12: Lost braces
12 | See \emph{\bold{code{\link{ProcessingContext}}}}. Only
| ^
checkRd: (-1) produceAllManualPagesFromObject.Rd:14: Lost braces
14 | See \emph{\bold{\\code{\link{ProcessingContext}}}}.}
| ^
Flavors: r-devel-linux-x86_64-debian-clang, r-devel-linux-x86_64-debian-gcc, r-devel-linux-x86_64-fedora-clang, r-devel-linux-x86_64-fedora-gcc, r-devel-windows-x86_64, r-patched-linux-x86_64, r-release-linux-x86_64, r-release-macos-arm64, r-release-macos-x86_64, r-release-windows-x86_64