Last updated on 2024-06-27 16:49:18 CEST.
Flavor | Version | Tinstall | Tcheck | Ttotal | Status | Flags |
---|---|---|---|---|---|---|
r-devel-linux-x86_64-debian-clang | 1.1.7 | NOTE | ||||
r-devel-linux-x86_64-debian-gcc | 1.1.7 | 5.34 | 39.49 | 44.83 | NOTE | |
r-devel-linux-x86_64-fedora-clang | 1.1.7 | 74.20 | NOTE | |||
r-devel-linux-x86_64-fedora-gcc | 1.1.7 | 68.68 | NOTE | |||
r-devel-windows-x86_64 | 1.1.7 | 9.00 | 58.00 | 67.00 | NOTE | |
r-patched-linux-x86_64 | 1.1.7 | 11.28 | 50.37 | 61.65 | NOTE | |
r-release-linux-x86_64 | 1.1.7 | 7.49 | 49.55 | 57.04 | NOTE | |
r-release-macos-arm64 | 1.1.7 | 26.00 | NOTE | |||
r-release-macos-x86_64 | 1.1.7 | 38.00 | NOTE | |||
r-release-windows-x86_64 | 1.1.7 | 10.00 | 60.00 | 70.00 | NOTE | |
r-oldrel-macos-arm64 | 1.1.7 | 25.00 | OK | |||
r-oldrel-macos-x86_64 | 1.1.7 | 35.00 | OK | |||
r-oldrel-windows-x86_64 | 1.1.7 | 10.00 | 67.00 | 77.00 | OK |
Version: 1.1.7
Check: Rd files
Result: NOTE
checkRd: (-1) xshow.Rd:19: Lost braces in \enumerate; meant \describe ?
checkRd: (-1) xshow.Rd:20: Lost braces in \enumerate; meant \describe ?
Flavors: r-devel-linux-x86_64-debian-clang, r-devel-linux-x86_64-debian-gcc, r-devel-linux-x86_64-fedora-clang, r-devel-linux-x86_64-fedora-gcc, r-devel-windows-x86_64, r-patched-linux-x86_64, r-release-linux-x86_64, r-release-macos-arm64, r-release-macos-x86_64, r-release-windows-x86_64