CRAN Package Check Results for Package x13binary

Last updated on 2025-11-16 06:50:02 CET.

Flavor Version Tinstall Tcheck Ttotal Status Flags
r-devel-linux-x86_64-debian-clang 1.1.61.1 333.91 24.03 357.94 OK
r-devel-linux-x86_64-debian-gcc 1.1.61.1 96.26 20.42 116.68 NOTE
r-devel-linux-x86_64-fedora-clang 1.1.61.1 567.00 -70.19 496.81 OK
r-devel-linux-x86_64-fedora-gcc 1.1.61.1 339.00 -77.11 261.89 OK
r-devel-windows-x86_64 1.1.61.1 228.00 35.00 263.00 OK
r-patched-linux-x86_64 1.1.61.1 124.40 22.13 146.53 OK
r-release-linux-x86_64 1.1.61.1 124.88 21.97 146.85 OK
r-release-macos-arm64 1.1.61.1 137.00 19.00 156.00 OK
r-release-macos-x86_64 1.1.61.1 58.00 29.00 87.00 OK
r-release-windows-x86_64 1.1.61.1 248.00 36.00 284.00 OK
r-oldrel-macos-arm64 1.1.61.1 121.00 24.00 145.00 OK
r-oldrel-macos-x86_64 1.1.61.1 63.00 38.00 101.00 OK
r-oldrel-windows-x86_64 1.1.61.1 244.00 39.00 283.00 OK

Check Details

Version: 1.1.61.1
Check: CRAN incoming feasibility
Result: NOTE Maintainer: ‘Dirk Eddelbuettel <edd@debian.org>’ The BugReports field in DESCRIPTION has https://github.com/x13org/x13binary/issues/ which should likely be https://github.com/x13org/x13binary/issues/issues instead. Flavor: r-devel-linux-x86_64-debian-gcc