Last updated on 2024-06-27 10:49:45 CEST.
Flavor | Version | Tinstall | Tcheck | Ttotal | Status | Flags |
---|---|---|---|---|---|---|
r-devel-linux-x86_64-debian-clang | 1.1.2 | OK | ||||
r-devel-linux-x86_64-debian-gcc | 1.1.2 | 13.88 | 196.39 | 210.27 | OK | |
r-devel-linux-x86_64-fedora-clang | 1.1.2 | 352.93 | NOTE | |||
r-devel-linux-x86_64-fedora-gcc | 1.1.2 | 349.06 | OK | |||
r-devel-windows-x86_64 | 1.1.2 | 17.00 | 197.00 | 214.00 | OK | |
r-patched-linux-x86_64 | 1.1.2 | 20.49 | 256.74 | 277.23 | OK | |
r-release-linux-x86_64 | 1.1.2 | 13.51 | 261.64 | 275.15 | OK | |
r-release-macos-arm64 | 1.1.2 | 94.00 | OK | |||
r-release-macos-x86_64 | 1.1.2 | 236.00 | OK | |||
r-release-windows-x86_64 | 1.1.2 | 18.00 | 203.00 | 221.00 | OK | |
r-oldrel-macos-arm64 | 1.1.2 | 102.00 | OK | |||
r-oldrel-macos-x86_64 | 1.1.2 | 167.00 | OK | |||
r-oldrel-windows-x86_64 | 1.1.2 | 22.00 | 259.00 | 281.00 | OK |
Version: 1.1.2
Check: Rd cross-references
Result: NOTE
Undeclared package ‘rlang’ in Rd xrefs
Flavor: r-devel-linux-x86_64-fedora-clang