Last updated on 2024-07-13 05:49:30 CEST.
Flavor | Version | Tinstall | Tcheck | Ttotal | Status | Flags |
---|---|---|---|---|---|---|
r-devel-linux-x86_64-debian-clang | 1.0.1 | 8.74 | 78.60 | 87.34 | NOTE | |
r-devel-linux-x86_64-debian-gcc | 1.0.1 | 6.28 | 60.15 | 66.43 | NOTE | |
r-devel-linux-x86_64-fedora-clang | 1.0.1 | 108.15 | NOTE | |||
r-devel-linux-x86_64-fedora-gcc | 1.0.1 | 115.20 | NOTE | |||
r-devel-windows-x86_64 | 1.0.1 | 8.00 | 74.00 | 82.00 | NOTE | |
r-patched-linux-x86_64 | 1.0.1 | 6.23 | 75.35 | 81.58 | NOTE | |
r-release-linux-x86_64 | 1.0.1 | 8.99 | 77.67 | 86.66 | NOTE | |
r-release-macos-arm64 | 1.0.1 | 41.00 | NOTE | |||
r-release-macos-x86_64 | 1.0.1 | 61.00 | NOTE | |||
r-release-windows-x86_64 | 1.0.1 | 8.00 | 76.00 | 84.00 | NOTE | |
r-oldrel-macos-arm64 | 1.0.1 | 41.00 | NOTE | |||
r-oldrel-macos-x86_64 | 1.0.1 | 69.00 | NOTE | |||
r-oldrel-windows-x86_64 | 1.0.1 | 10.00 | 88.00 | 98.00 | NOTE |
Version: 1.0.1
Check: package subdirectories
Result: NOTE
Problems with news in ‘NEWS.md’:
No news entries found.
Flavors: r-devel-linux-x86_64-debian-clang, r-devel-linux-x86_64-debian-gcc, r-devel-linux-x86_64-fedora-clang, r-devel-linux-x86_64-fedora-gcc, r-devel-windows-x86_64, r-patched-linux-x86_64, r-release-linux-x86_64, r-release-macos-arm64, r-release-macos-x86_64, r-release-windows-x86_64, r-oldrel-macos-arm64, r-oldrel-macos-x86_64, r-oldrel-windows-x86_64
Version: 1.0.1
Check: Rd cross-references
Result: NOTE
Found the following Rd file(s) with Rd \link{} targets missing package
anchors:
fit_XCI_E_model.Rd: coxph
fit_XCI_model.Rd: coxph
fit_all_models.Rd: coxph
xlink_fit.Rd: coxph
Please provide package anchors for all Rd \link{} targets not in the
package itself and the base packages.
Flavor: r-devel-windows-x86_64