Last updated on 2025-10-02 16:48:57 CEST.
Flavor | Version | Tinstall | Tcheck | Ttotal | Status | Flags |
---|---|---|---|---|---|---|
r-devel-linux-x86_64-debian-clang | 0.2-3 | 6.46 | 57.74 | 64.20 | NOTE | |
r-devel-linux-x86_64-debian-gcc | 0.2-3 | 4.81 | 44.33 | 49.14 | NOTE | |
r-devel-linux-x86_64-fedora-clang | 0.2-3 | 96.16 | NOTE | |||
r-devel-linux-x86_64-fedora-gcc | 0.2-3 | 90.83 | NOTE | |||
r-devel-windows-x86_64 | 0.2-3 | 7.00 | 70.00 | 77.00 | NOTE | |
r-patched-linux-x86_64 | 0.2-3 | 5.98 | 55.32 | 61.30 | NOTE | |
r-release-linux-x86_64 | 0.2-3 | 4.85 | 55.47 | 60.32 | NOTE | |
r-release-macos-arm64 | 0.2-3 | 35.00 | NOTE | |||
r-release-macos-x86_64 | 0.2-3 | 64.00 | NOTE | |||
r-release-windows-x86_64 | 0.2-3 | 7.00 | 161.00 | 168.00 | NOTE | |
r-oldrel-macos-arm64 | 0.2-3 | 32.00 | NOTE | |||
r-oldrel-macos-x86_64 | 0.2-3 | 46.00 | NOTE | |||
r-oldrel-windows-x86_64 | 0.2-3 | 9.00 | 80.00 | 89.00 | NOTE |
Version: 0.2-3
Check: Rd files
Result: NOTE
checkRd: (-1) xwfGridsearch.Rd:27: Lost braces; missing escapes or markup?
27 | \item{iter}{Number of levels in the adaptive grid search. The resolution in b obtained is 2^{-1-iter}.}
| ^
Flavors: r-devel-linux-x86_64-debian-clang, r-devel-linux-x86_64-debian-gcc, r-devel-linux-x86_64-fedora-clang, r-devel-linux-x86_64-fedora-gcc, r-devel-windows-x86_64, r-patched-linux-x86_64, r-release-linux-x86_64, r-release-macos-arm64, r-release-macos-x86_64, r-release-windows-x86_64, r-oldrel-macos-arm64, r-oldrel-macos-x86_64, r-oldrel-windows-x86_64