Last updated on 2025-04-29 13:51:45 CEST.
Flavor | Version | Tinstall | Tcheck | Ttotal | Status | Flags |
---|---|---|---|---|---|---|
r-devel-linux-x86_64-debian-clang | 2.1.2 | 10.22 | 74.76 | 84.98 | NOTE | |
r-devel-linux-x86_64-debian-gcc | 2.1.2 | 6.58 | 50.43 | 57.01 | NOTE | |
r-devel-linux-x86_64-fedora-clang | 2.1.2 | 123.07 | NOTE | |||
r-devel-linux-x86_64-fedora-gcc | 2.1.2 | 117.21 | NOTE | |||
r-devel-windows-x86_64 | 2.1.2 | 12.00 | 82.00 | 94.00 | NOTE | |
r-patched-linux-x86_64 | 2.1.2 | 10.39 | 69.80 | 80.19 | NOTE | |
r-release-linux-x86_64 | 2.1.2 | 10.08 | 69.97 | 80.05 | NOTE | |
r-release-macos-arm64 | 2.1.2 | 35.00 | NOTE | |||
r-release-macos-x86_64 | 2.1.2 | 75.00 | NOTE | |||
r-release-windows-x86_64 | 2.1.2 | 14.00 | 84.00 | 98.00 | NOTE | |
r-oldrel-macos-arm64 | 2.1.2 | 35.00 | NOTE | |||
r-oldrel-macos-x86_64 | 2.1.2 | 54.00 | NOTE | |||
r-oldrel-windows-x86_64 | 2.1.2 | 13.00 | 105.00 | 118.00 | NOTE |
Version: 2.1.2
Check: Rd files
Result: NOTE
checkRd: (-1) cat_sim.Rd:110: Lost braces; missing escapes or markup?
110 | \code{min} and {max} are mandatory for setting limits on the test length. User-defined
| ^
Flavors: r-devel-linux-x86_64-debian-clang, r-devel-linux-x86_64-debian-gcc, r-devel-linux-x86_64-fedora-clang, r-devel-linux-x86_64-fedora-gcc, r-devel-windows-x86_64, r-patched-linux-x86_64, r-release-linux-x86_64, r-release-macos-arm64, r-release-macos-x86_64, r-release-windows-x86_64, r-oldrel-macos-arm64, r-oldrel-macos-x86_64, r-oldrel-windows-x86_64