CRAN Package Check Results for Package yager

Last updated on 2025-11-16 18:49:50 CET.

Flavor Version Tinstall Tcheck Ttotal Status Flags
r-devel-linux-x86_64-debian-clang 0.1.1 2.19 29.49 31.68 NOTE
r-devel-linux-x86_64-debian-gcc 0.1.1 2.09 23.85 25.94 NOTE
r-devel-linux-x86_64-fedora-clang 0.1.1 48.77 OK
r-devel-linux-x86_64-fedora-gcc 0.1.1 12.00 36.24 48.24 OK
r-devel-windows-x86_64 0.1.1 5.00 50.00 55.00 OK
r-patched-linux-x86_64 0.1.1 2.84 27.97 30.81 OK
r-release-linux-x86_64 0.1.1 2.90 28.11 31.01 OK
r-release-macos-arm64 0.1.1 1.00 20.00 21.00 OK
r-release-macos-x86_64 0.1.1 2.00 31.00 33.00 OK
r-release-windows-x86_64 0.1.1 4.00 49.00 53.00 OK
r-oldrel-macos-arm64 0.1.1 2.00 18.00 20.00 NOTE
r-oldrel-macos-x86_64 0.1.1 2.00 34.00 36.00 NOTE
r-oldrel-windows-x86_64 0.1.1 5.00 58.00 63.00 NOTE

Check Details

Version: 0.1.1
Check: CRAN incoming feasibility
Result: NOTE Maintainer: ‘WenSui Liu <liuwensui@gmail.com>’ No Authors@R field in DESCRIPTION. Please add one, modifying Authors@R: person(given = "WenSui", family = "Liu", role = c("aut", "cre"), email = "liuwensui@gmail.com") as necessary. Flavors: r-devel-linux-x86_64-debian-clang, r-devel-linux-x86_64-debian-gcc

Version: 0.1.1
Check: LazyData
Result: NOTE 'LazyData' is specified without a 'data' directory Flavors: r-oldrel-macos-arm64, r-oldrel-macos-x86_64, r-oldrel-windows-x86_64