CRAN Package Check Results for Package youngSwimmers

Last updated on 2025-11-16 12:49:49 CET.

Flavor Version Tinstall Tcheck Ttotal Status Flags
r-devel-linux-x86_64-debian-clang 0.0.1 2.67 25.24 27.91 NOTE
r-devel-linux-x86_64-debian-gcc 0.0.1 1.96 20.58 22.54 NOTE
r-devel-linux-x86_64-fedora-clang 0.0.1 40.71 OK
r-devel-linux-x86_64-fedora-gcc 0.0.1 38.48 OK
r-devel-windows-x86_64 0.0.1 5.00 42.00 47.00 OK
r-patched-linux-x86_64 0.0.1 2.32 22.70 25.02 OK
r-release-linux-x86_64 0.0.1 2.17 22.81 24.98 OK
r-release-macos-arm64 0.0.1 2.00 16.00 18.00 OK
r-release-macos-x86_64 0.0.1 4.00 28.00 32.00 OK
r-release-windows-x86_64 0.0.1 4.00 40.00 44.00 OK
r-oldrel-macos-arm64 0.0.1 1.00 18.00 19.00 OK
r-oldrel-macos-x86_64 0.0.1 2.00 25.00 27.00 OK
r-oldrel-windows-x86_64 0.0.1 5.00 48.00 53.00 OK

Check Details

Version: 0.0.1
Check: CRAN incoming feasibility
Result: NOTE Maintainer: ‘Matías Castillo Aguilar <matcasti@umag.cl>’ Package CITATION file contains call(s) to old-style citEntry(). Please use bibentry() instead. Flavor: r-devel-linux-x86_64-debian-clang

Version: 0.0.1
Check: CRAN incoming feasibility
Result: NOTE Maintainer: ‘Matías Castillo Aguilar <matcasti@umag.cl>’ Package CITATION file contains call(s) to old-style citEntry(). Please use bibentry() instead. The BugReports field in DESCRIPTION has https://github.com/NIM-ACh/youngSwimmers/issues/ which should likely be https://github.com/NIM-ACh/youngSwimmers/issues/issues instead. Flavor: r-devel-linux-x86_64-debian-gcc