Last updated on 2025-10-24 11:51:04 CEST.
| Flavor | Version | Tinstall | Tcheck | Ttotal | Status | Flags |
|---|---|---|---|---|---|---|
| r-devel-linux-x86_64-debian-clang | 1.1.0 | 32.64 | 78.13 | 110.77 | OK | |
| r-devel-linux-x86_64-debian-gcc | 1.1.0 | 24.97 | 61.73 | 86.70 | OK | |
| r-devel-linux-x86_64-fedora-clang | 1.1.0 | 146.00 | 34.62 | 180.62 | NOTE | |
| r-devel-linux-x86_64-fedora-gcc | 1.1.0 | 62.00 | 102.11 | 164.11 | NOTE | |
| r-devel-windows-x86_64 | 1.1.0 | 33.00 | 78.00 | 111.00 | OK | |
| r-patched-linux-x86_64 | 1.1.0 | 31.62 | 68.68 | 100.30 | OK | |
| r-release-linux-x86_64 | 1.1.0 | 32.86 | 68.94 | 101.80 | OK | |
| r-release-macos-arm64 | 1.1.0 | 24.00 | 37.00 | 61.00 | OK | |
| r-release-macos-x86_64 | 1.1.0 | 58.00 | 94.00 | 152.00 | OK | |
| r-release-windows-x86_64 | 1.1.0 | 35.00 | 79.00 | 114.00 | OK | |
| r-oldrel-macos-arm64 | 1.1.0 | 24.00 | 36.00 | 60.00 | OK | |
| r-oldrel-macos-x86_64 | 1.1.0 | 32.00 | 54.00 | 86.00 | OK | |
| r-oldrel-windows-x86_64 | 1.1.0 | 46.00 | 94.00 | 140.00 | OK |
Version: 1.1.0
Check: dependencies in R code
Result: NOTE
Namespace in Imports field not imported from: ‘spelling’
All declared Imports should be used.
Flavors: r-devel-linux-x86_64-fedora-clang, r-devel-linux-x86_64-fedora-gcc