CRAN Package Check Results for Package zipangu

Last updated on 2025-05-17 07:50:38 CEST.

Flavor Version Tinstall Tcheck Ttotal Status Flags
r-devel-linux-x86_64-debian-clang 0.3.3 3.79 43.75 47.54 NOTE
r-devel-linux-x86_64-debian-gcc 0.3.3 2.83 32.39 35.22 NOTE
r-devel-linux-x86_64-fedora-clang 0.3.3 71.51 NOTE
r-devel-linux-x86_64-fedora-gcc 0.3.3 69.00 NOTE
r-devel-windows-x86_64 0.3.3 6.00 66.00 72.00 NOTE
r-patched-linux-x86_64 0.3.3 3.71 40.99 44.70 NOTE
r-release-linux-x86_64 0.3.3 3.22 40.90 44.12 NOTE
r-release-macos-arm64 0.3.3 26.00 NOTE
r-release-macos-x86_64 0.3.3 47.00 NOTE
r-release-windows-x86_64 0.3.3 7.00 68.00 75.00 NOTE
r-oldrel-macos-arm64 0.3.3 26.00 OK
r-oldrel-macos-x86_64 0.3.3 40.00 OK
r-oldrel-windows-x86_64 0.3.3 8.00 78.00 86.00 OK

Check Details

Version: 0.3.3
Check: DESCRIPTION meta-information
Result: NOTE Missing dependency on R >= 4.1.0 because package code uses the pipe |> or function shorthand \(...) syntax added in R 4.1.0. File(s) using such syntax: ‘convert-jyear-legacy.R’ Flavors: r-devel-linux-x86_64-debian-clang, r-devel-linux-x86_64-debian-gcc, r-devel-linux-x86_64-fedora-clang, r-devel-linux-x86_64-fedora-gcc, r-devel-windows-x86_64, r-patched-linux-x86_64, r-release-linux-x86_64, r-release-macos-arm64, r-release-macos-x86_64, r-release-windows-x86_64