Last updated on 2024-06-27 16:49:19 CEST.
Flavor | Version | Tinstall | Tcheck | Ttotal | Status | Flags |
---|---|---|---|---|---|---|
r-devel-linux-x86_64-debian-clang | 0.3.5 | OK | ||||
r-devel-linux-x86_64-debian-gcc | 0.3.5 | 31.85 | 215.93 | 247.78 | OK | |
r-devel-linux-x86_64-fedora-clang | 0.3.5 | 482.72 | NOTE | |||
r-devel-linux-x86_64-fedora-gcc | 0.3.5 | 446.62 | NOTE | |||
r-devel-windows-x86_64 | 0.3.5 | 30.00 | 255.00 | 285.00 | OK | |
r-patched-linux-x86_64 | 0.3.5 | 40.64 | 267.22 | 307.86 | OK | |
r-release-linux-x86_64 | 0.3.5 | 26.18 | 266.67 | 292.85 | OK | |
r-release-macos-arm64 | 0.3.5 | 145.00 | OK | |||
r-release-macos-x86_64 | 0.3.5 | 270.00 | OK | |||
r-release-windows-x86_64 | 0.3.5 | 33.00 | 264.00 | 297.00 | OK | |
r-oldrel-macos-arm64 | 0.3.5 | 138.00 | OK | |||
r-oldrel-macos-x86_64 | 0.3.5 | 261.00 | OK | |||
r-oldrel-windows-x86_64 | 0.3.5 | 42.00 | 365.00 | 407.00 | OK |
Version: 0.3.5
Check: data for non-ASCII characters
Result: NOTE
Note: found 5 marked UTF-8 strings
Flavors: r-devel-linux-x86_64-fedora-clang, r-devel-linux-x86_64-fedora-gcc