Last updated on 2024-06-27 16:49:19 CEST.
Flavor | Version | Tinstall | Tcheck | Ttotal | Status | Flags |
---|---|---|---|---|---|---|
r-devel-linux-x86_64-debian-clang | 0.6-70 | OK | ||||
r-devel-linux-x86_64-debian-gcc | 0.6-70 | 6.67 | 89.15 | 95.82 | OK | |
r-devel-linux-x86_64-fedora-clang | 0.6-70 | 163.98 | NOTE | |||
r-devel-linux-x86_64-fedora-gcc | 0.6-70 | 164.44 | NOTE | |||
r-devel-windows-x86_64 | 0.6-70 | 11.00 | 131.00 | 142.00 | OK | |
r-patched-linux-x86_64 | 0.6-70 | 12.13 | 110.84 | 122.97 | OK | |
r-release-linux-x86_64 | 0.6-70 | 9.78 | 110.82 | 120.60 | OK | |
r-release-macos-arm64 | 0.6-70 | 45.00 | OK | |||
r-release-macos-x86_64 | 0.6-70 | 87.00 | OK | |||
r-release-windows-x86_64 | 0.6-70 | 10.00 | 131.00 | 141.00 | OK | |
r-oldrel-macos-arm64 | 0.6-70 | 55.00 | OK | |||
r-oldrel-macos-x86_64 | 0.6-70 | 101.00 | OK | |||
r-oldrel-windows-x86_64 | 0.6-70 | 12.00 | 138.00 | 150.00 | OK |
Version: 0.6-70
Check: data for non-ASCII characters
Result: NOTE
Note: found 146804 marked UTF-8 strings
Flavors: r-devel-linux-x86_64-fedora-clang, r-devel-linux-x86_64-fedora-gcc