Last updated on 2024-07-13 05:49:30 CEST.
Flavor | Version | Tinstall | Tcheck | Ttotal | Status | Flags |
---|---|---|---|---|---|---|
r-devel-linux-x86_64-debian-clang | 0.3-0 | 11.36 | 184.59 | 195.95 | OK | |
r-devel-linux-x86_64-debian-gcc | 0.3-0 | 10.52 | 140.41 | 150.93 | OK | |
r-devel-linux-x86_64-fedora-clang | 0.3-0 | 271.83 | OK | |||
r-devel-linux-x86_64-fedora-gcc | 0.3-0 | 281.86 | NOTE | |||
r-devel-windows-x86_64 | 0.3-0 | 29.00 | 201.00 | 230.00 | OK | |
r-patched-linux-x86_64 | 0.3-0 | 13.28 | 174.50 | 187.78 | OK | |
r-release-linux-x86_64 | 0.2-2 | 12.63 | 178.14 | 190.77 | NOTE | |
r-release-macos-arm64 | 0.3-0 | 144.00 | OK | |||
r-release-macos-x86_64 | 0.3-0 | 388.00 | OK | |||
r-release-windows-x86_64 | 0.3-0 | 29.00 | 203.00 | 232.00 | OK | |
r-oldrel-macos-arm64 | 0.3-0 | 167.00 | OK | |||
r-oldrel-macos-x86_64 | 0.3-0 | 257.00 | OK | |||
r-oldrel-windows-x86_64 | 0.3-0 | 30.00 | 195.00 | 225.00 | OK |
Version: 0.3-0
Check: for detritus in the temp directory
Result: NOTE
Found the following files/directories:
‘Crashpad’
Flavor: r-devel-linux-x86_64-fedora-gcc
Version: 0.2-2
Check: Rd files
Result: NOTE
checkRd: (-1) inside2trans.Rd:124: Lost braces
124 | \bold{Linking number --- {Wikipedia}{,} The Free Encyclopedia}.
| ^
Flavor: r-release-linux-x86_64