Last updated on 2025-11-16 12:49:49 CET.
| Flavor | Version | Tinstall | Tcheck | Ttotal | Status | Flags |
|---|---|---|---|---|---|---|
| r-devel-linux-x86_64-debian-clang | 5.5.2 | 18.13 | 96.30 | 114.43 | NOTE | |
| r-devel-linux-x86_64-debian-gcc | 5.5.2 | 10.35 | 65.37 | 75.72 | NOTE | |
| r-devel-linux-x86_64-fedora-clang | 5.5.2 | 41.00 | 126.59 | 167.59 | NOTE | |
| r-devel-linux-x86_64-fedora-gcc | 5.5.2 | 39.00 | 132.39 | 171.39 | NOTE | |
| r-devel-windows-x86_64 | 5.5.2 | 23.00 | 111.00 | 134.00 | NOTE | |
| r-patched-linux-x86_64 | 5.5.2 | 18.51 | 91.26 | 109.77 | NOTE | |
| r-release-linux-x86_64 | 5.5.2 | 16.74 | 90.97 | 107.71 | NOTE | |
| r-release-macos-arm64 | 5.5.2 | 7.00 | 41.00 | 48.00 | NOTE | |
| r-release-macos-x86_64 | 5.5.2 | 14.00 | 96.00 | 110.00 | NOTE | |
| r-release-windows-x86_64 | 5.5.2 | 21.00 | 109.00 | 130.00 | NOTE | |
| r-oldrel-macos-arm64 | 5.5.2 | 7.00 | 40.00 | 47.00 | NOTE | |
| r-oldrel-macos-x86_64 | 5.5.2 | 12.00 | 78.00 | 90.00 | NOTE | |
| r-oldrel-windows-x86_64 | 5.5.2 | 28.00 | 137.00 | 165.00 | NOTE |
Version: 5.5.2
Check: Rd files
Result: NOTE
checkRd: (-1) ZIClass.Rd:87: Escaped LaTeX specials: \_
checkRd: (-1) ZITrain.Rd:72: Escaped LaTeX specials: \_
checkRd: (-1) ZITrain.Rd:74: Escaped LaTeX specials: \_
checkRd: (-1) zid.Rd:45: Escaped LaTeX specials: \_
checkRd: (-1) zim.Rd:63: Escaped LaTeX specials: \_
checkRd: (-1) zim.Rd:182: Lost braces
182 | dQuote{tab-delimited text file} when you have done and close the spreadsheet
| ^
Flavors: r-devel-linux-x86_64-debian-clang, r-devel-linux-x86_64-debian-gcc, r-devel-linux-x86_64-fedora-clang, r-devel-linux-x86_64-fedora-gcc, r-devel-windows-x86_64, r-patched-linux-x86_64, r-release-linux-x86_64, r-release-macos-arm64, r-release-macos-x86_64, r-release-windows-x86_64, r-oldrel-macos-arm64, r-oldrel-macos-x86_64, r-oldrel-windows-x86_64