Last updated on 2024-06-27 10:49:46 CEST.
Flavor | Version | Tinstall | Tcheck | Ttotal | Status | Flags |
---|---|---|---|---|---|---|
r-devel-linux-x86_64-debian-clang | 0.1.4 | NOTE | ||||
r-devel-linux-x86_64-debian-gcc | 0.1.4 | 119.77 | 191.38 | 311.15 | WARN | |
r-devel-linux-x86_64-fedora-clang | 0.1.4 | 784.17 | WARN | |||
r-devel-linux-x86_64-fedora-gcc | 0.1.4 | 773.70 | WARN | |||
r-devel-windows-x86_64 | 0.1.4 | 89.00 | 208.00 | 297.00 | NOTE | |
r-patched-linux-x86_64 | 0.1.4 | 146.61 | 242.14 | 388.75 | OK | |
r-release-linux-x86_64 | 0.1.4 | 123.84 | 259.65 | 383.49 | OK | |
r-release-macos-arm64 | 0.1.4 | 153.00 | NOTE | |||
r-release-macos-x86_64 | 0.1.4 | 215.00 | NOTE | |||
r-release-windows-x86_64 | 0.1.4 | 103.00 | 233.00 | 336.00 | OK | |
r-oldrel-macos-arm64 | 0.1.4 | 165.00 | NOTE | |||
r-oldrel-macos-x86_64 | 0.1.4 | 278.00 | NOTE | |||
r-oldrel-windows-x86_64 | 0.1.4 | 119.00 | 312.00 | 431.00 | OK |
Version: 0.1.4
Check: compiled code
Result: NOTE
File ‘zoomerjoin/libs/zoomerjoin.so’:
Found non-API calls to R: ‘ENVFLAGS’, ‘FRAME’, ‘HASHTAB’, ‘PRCODE’,
‘PRENV’, ‘PRSEEN’, ‘PRVALUE’, ‘Rf_findVarInFrame3’, ‘SET_BODY’,
‘SET_CLOENV’, ‘SET_ENCLOS’, ‘SET_ENVFLAGS’, ‘SET_FORMALS’,
‘SET_PRCODE’, ‘SET_PRENV’, ‘SET_PRVALUE’, ‘STRING_PTR’, ‘SYMVALUE’,
‘XLENGTH_EX’
Compiled code should not call non-API entry points in R.
See ‘Writing portable packages’ in the ‘Writing R Extensions’ manual.
Flavor: r-devel-linux-x86_64-debian-clang
Version: 0.1.4
Check: compiled code
Result: WARN
File ‘zoomerjoin/libs/zoomerjoin.so’:
Found non-API calls to R: ‘ENVFLAGS’, ‘FRAME’, ‘HASHTAB’, ‘PRCODE’,
‘PRENV’, ‘PRSEEN’, ‘PRVALUE’, ‘Rf_findVarInFrame3’, ‘SET_BODY’,
‘SET_CLOENV’, ‘SET_ENCLOS’, ‘SET_ENVFLAGS’, ‘SET_FORMALS’,
‘SET_PRCODE’, ‘SET_PRENV’, ‘SET_PRVALUE’, ‘STRING_PTR’, ‘SYMVALUE’,
‘XLENGTH_EX’
These entry points may be removed soon:
‘PRSEEN’, ‘SYMVALUE’
Compiled code should not call non-API entry points in R.
See ‘Writing portable packages’ in the ‘Writing R Extensions’ manual.
See section ‘Moving into C API compliance’ in the ‘Writing R
Extensions’ manual for issues with use of non-API entry points.
Flavor: r-devel-linux-x86_64-debian-gcc
Version: 0.1.4
Check: compiled code
Result: WARN
File ‘zoomerjoin/libs/zoomerjoin.so’:
Found non-API calls to R: ‘ENVFLAGS’, ‘FRAME’, ‘HASHTAB’, ‘PRCODE’,
‘PRENV’, ‘PRSEEN’, ‘PRVALUE’, ‘Rf_findVarInFrame3’, ‘SET_BODY’,
‘SET_CLOENV’, ‘SET_ENCLOS’, ‘SET_ENVFLAGS’, ‘SET_FORMALS’,
‘SET_PRCODE’, ‘SET_PRENV’, ‘SET_PRVALUE’, ‘STRING_PTR’, ‘SYMVALUE’,
‘XLENGTH_EX’
These entry points may be removed soon:
‘PRSEEN’, ‘SYMVALUE’
Compiled code should not call non-API entry points in R.
See ‘Writing portable packages’ in the ‘Writing R Extensions’ manual.
Flavors: r-devel-linux-x86_64-fedora-clang, r-devel-linux-x86_64-fedora-gcc
Version: 0.1.4
Check: compiled code
Result: NOTE
File 'zoomerjoin/libs/x64/zoomerjoin.dll':
Found non-API calls to R: 'ENVFLAGS', 'FRAME', 'HASHTAB', 'PRCODE',
'PRENV', 'PRSEEN', 'PRVALUE', 'Rf_findVarInFrame3', 'SET_BODY',
'SET_CLOENV', 'SET_ENCLOS', 'SET_ENVFLAGS', 'SET_FORMALS',
'SET_PRCODE', 'SET_PRENV', 'SET_PRVALUE', 'STRING_PTR', 'SYMVALUE',
'XLENGTH_EX'
Compiled code should not call non-API entry points in R.
See 'Writing portable packages' in the 'Writing R Extensions' manual.
Flavor: r-devel-windows-x86_64
Version: 0.1.4
Check: installed package size
Result: NOTE
installed size is 9.0Mb
sub-directories of 1Mb or more:
libs 8.7Mb
Flavors: r-release-macos-arm64, r-release-macos-x86_64, r-oldrel-macos-arm64, r-oldrel-macos-x86_64